{"id":61,"date":"2024-06-06T17:37:07","date_gmt":"2024-06-06T17:37:07","guid":{"rendered":"https:\/\/magiamallorca.com\/?post_type=product&#038;p=61"},"modified":"2025-08-23T12:47:17","modified_gmt":"2025-08-23T12:47:17","slug":"inferno","status":"publish","type":"product","link":"https:\/\/magiamallorca.com\/?product=inferno","title":{"rendered":"Inferno"},"content":{"rendered":"<p>\u00a1La carta nombrada aparece en la caja de cerillas!<\/p>\n<p>Joshua Jay ha trabajado durante a\u00f1os en un objetivo aparentemente imposible: Una carta nombrada aparece dentro de una caja de cerillas. Sin utilizar barajas, sin forzajes por hojeo, sin complicaciones. S\u00f3lo una carta en juego, dentro de la caja de cerillas&#8230; la carta nombrada.<\/p>\n<p>\u00bfSuena demasiado bueno para ser verdad? \u00bfQu\u00e9 pasar\u00eda si te dijera que este efecto es f\u00e1cil de hacer, f\u00e1cil de preparar, y es completamente aut\u00f3nomo? Lo podr\u00e1s realizar sin mangas ni bolsillos ni preparaci\u00f3n.<\/p>\n<p>Si tienes la caja de cerillas (incluida), ya est\u00e1s listo para empezar. \u00abInferno\u00bb es el paquete completo:<\/p>\n<p>Incluye un DVD instructivo (en ingl\u00e9s) protagonizado por Joshua Jay, Cartas especialmente impresas \u201cquemadas\u201d y la caja de cerillas.<\/p>\n<p>Estar\u00e1s realizando \u00abInferno\u201d en cuesti\u00f3n de minutos&#8230;<\/p>\n<p><iframe loading=\"lazy\" title=\"Inferno - Joshua Jay\" width=\"980\" height=\"551\" src=\"https:\/\/www.youtube.com\/embed\/4qYZefRkmz4?feature=oembed\" frameborder=\"0\" allow=\"accelerometer; autoplay; clipboard-write; encrypted-media; gyroscope; picture-in-picture; web-share\" referrerpolicy=\"strict-origin-when-cross-origin\" allowfullscreen><\/iframe><\/p>\n","protected":false},"excerpt":{"rendered":"<p>\u00a1La carta nombrada aparece en la caja de cerillas!Joshua Jay ha trabajado durante a\u00f1os en un objetivo aparentemente imposible: Una carta nombrada aparece dentro de una caja de cerillas.<\/p>\n<p>Sin utilizar barajas, sin forzajes por hojeo, sin complicaciones. S\u00f3lo una carta en juego, dentro de la caja de cerillas&#8230; la carta nombrada.<\/p>\n","protected":false},"featured_media":63,"comment_status":"open","ping_status":"closed","template":"","meta":[],"product_brand":[],"product_cat":[15],"product_tag":[],"class_list":{"0":"post-61","1":"product","2":"type-product","3":"status-publish","4":"has-post-thumbnail","6":"product_cat-sin-categorizar","8":"first","9":"instock","10":"taxable","11":"shipping-taxable","12":"purchasable","13":"product-type-simple"},"jetpack_sharing_enabled":true,"_links":{"self":[{"href":"https:\/\/magiamallorca.com\/index.php?rest_route=\/wp\/v2\/product\/61","targetHints":{"allow":["GET"]}}],"collection":[{"href":"https:\/\/magiamallorca.com\/index.php?rest_route=\/wp\/v2\/product"}],"about":[{"href":"https:\/\/magiamallorca.com\/index.php?rest_route=\/wp\/v2\/types\/product"}],"replies":[{"embeddable":true,"href":"https:\/\/magiamallorca.com\/index.php?rest_route=%2Fwp%2Fv2%2Fcomments&post=61"}],"wp:featuredmedia":[{"embeddable":true,"href":"https:\/\/magiamallorca.com\/index.php?rest_route=\/wp\/v2\/media\/63"}],"wp:attachment":[{"href":"https:\/\/magiamallorca.com\/index.php?rest_route=%2Fwp%2Fv2%2Fmedia&parent=61"}],"wp:term":[{"taxonomy":"product_brand","embeddable":true,"href":"https:\/\/magiamallorca.com\/index.php?rest_route=%2Fwp%2Fv2%2Fproduct_brand&post=61"},{"taxonomy":"product_cat","embeddable":true,"href":"https:\/\/magiamallorca.com\/index.php?rest_route=%2Fwp%2Fv2%2Fproduct_cat&post=61"},{"taxonomy":"product_tag","embeddable":true,"href":"https:\/\/magiamallorca.com\/index.php?rest_route=%2Fwp%2Fv2%2Fproduct_tag&post=61"}],"curies":[{"name":"wp","href":"https:\/\/api.w.org\/{rel}","templated":true}]}}